 q(5)?
-6
Let d(n) = 6*n**2 - 5*n + 4. Give d(3).
43
Let b(v) = -v**3 + 11*v**2 - 8*v - 20. What is b(10)?
0
Let y(a) = -17*a**2. Calculate y(1).
-17
Let f(x) = x**2 + 24*x - 33. Give f(-26).
19
Let s(d) = -d + 6. What is s(-3)?
9
Let k(o) = o**3 - 2*o**2 + 2*o - 1. Give k(3).
14
Let t(a) = -a + 20. What is t(11)?
9
Let n(k) = 6*k + 9. What is n(-6)?
-27
Let s(q) = -3*q**2 + 5*q - 10. What is s(2)?
-12
Let j(a) = -28*a - 102. Determine j(-3).
-18
Let r(n) = -n**2 - 3*n + 41. Calculate r(5).
1
Let b(a) = 2*a**2 + 3*a - 2. Determine b(3).
25
Let j(c) = 4*c**2 + 18*c + 7. Calculate j(-3).
-11
Let q(v) = -4*v + 24. Determine q(8).
-8
Let h(z) = -z**3 - 3*z**2 - z + 3. What is h(-2)?
1
Let o(n) = n**2 + 8*n + 2. What is o(-8)?
2
Let l(y) = -y**3 + 6*y**2 - y - 2. Calculate l(6).
-8
Let h(f) = 5*f**3 - f**2 + 1. Calculate h(-1).
-5
Let m(s) = s**3 - 5*s**2 - 6*s + 4. Determine m(6).
4
Let k(c) = 4*c + 8. Calculate k(-3).
-4
Let t(h) = h**2 + 17. Determine t(0).
17
Let r(a) = 8*a - 112. Calculate r(13).
-8
Let c(y) = -3*y - 14. Give c(-6).
4
Let y(i) = i**2 - 33*i + 13. Calculate y(31).
-49
Let r(t) = 10*t**2 - 3*t - 5. Determine r(-2).
41
Let q(v) = 3*v + 6. Calculate q(-8).
-18
Let l(w) = -w**3 - 2*w**2 - w + 2. Give l(-3).
14
Let q(p) = -80*p - 77. What is q(-1)?
3
Let z(w) = -4*w**2 + 5*w - 7. What is z(3)?
-28
Let o(b) = 12*b + 130. What is o(-10)?
10
Let n(j) = -3*j**2 + j + 5. Give n(4).
-39
Let o(a) = 2*a**3 + 27*a**2 - 14*a - 7. Give o(-14).
-7
Let o(k) = -k**2 + 9*k - 26. Calculate o(4).
-6
Let k(t) = t**2 - 5*t + 3. Give k(3).
-3
Let p(g) = 70*g + 104. Give p(-2).
-36
Let h(b) = -29*b - 212. Calculate h(-8).
20
Let n(z) = -z**2 - 9*z - 8. Calculate n(-8).
0
Let b(k) = -k + 9. Calculate b(2).
7
Let u(g) = 50*g**2 + 2. Determine u(-2).
202
Let y(m) = 3*m**2 + 20*m + 18. Determine y(-6).
6
Let w(d) = -3*d**2 + 26*d - 12. Give w(8).
4
Let p(x) = -11*x**3 + 44*x**2 + 3*x - 16. Calculate p(4).
-4
Let z(h) = h**3 + 5*h**2 + 3*h - 2. Give z(-3).
7
Let h(b) = 6*b - 78. Determine h(14).
6
Let r(j) = -17*j**2 - 3*j + 1. Calculate r(-1).
-13
Let h(j) = -8*j + 4. Calculate h(3).
-20
Let a(m) = 8*m + 28. Determine a(-6).
-20
Let p(f) = -f**3 - 12*f**2 - 2*f - 29. Calculate p(-12).
-5
Let f(p) = -52*p + 73. Determine f(1).
21
Let s(q) = q**2 - 25*q - 58. What is s(28)?
26
Let l(a) = 4*a + 3. Calculate l(-1).
-1
Let k(g) = g**3 - 26*g**2 - 27*g + 16. Calculate k(27).
16
Let q(v) = v - 31. Calculate q(0).
-31
Let m(c) = c**3 - 67*c**2 + 128*c + 133. Determine m(65).
3
Let u(w) = w + 10. Determine u(-6).
4
Let o(l) = 2*l**2 + 12*l + 3. Calculate o(-5).
-7
Let j(u) = u**2 - 5*u + 1. Calculate j(4).
-3
Let h(u) = u**2 - 18*u + 22. Determine h(9).
-59
Let y(x) = x**3 - x**2 + 3*x - 14. Calculate y(0).
-14
Let p(i) = 5*i + 90. Determine p(-20).
-10
Let r(b) = -2*b**2 + 13*b + 12. Determine r(7).
5
Let m(i) = -2*i**2 + 8*i - 8. Determine m(6).
-32
Let r(z) = -6*z - 7. Calculate r(-21).
119
Let b(t) = t**3 + t**2 - 4*t + 12. Calculate b(3).
36
Let k(q) = q**3 - 4*q**2 + 5*q - 2. What is k(3)?
4
Let t(k) = 12*k + 28. Determine t(-2).
4
Let f(s) = -11*s**3 - s**2 - 3*s. Calculate f(-2).
90
Let x(l) = l**2 + 8*l - 57. Give x(5).
8
Let s(a) = -4*a + 2. Determine s(-9).
38
Let r(q) = -5*q**3 + 8*q**2 - 6*q. Calculate r(3).
-81
Let o(y) = 6*y**2 + 5*y - 3. What is o(-4)?
73
Let w(p) = -2*p**2 + 44*p - 114. Give w(19).
0
Let r(g) = -3*g + 8. Determine r(4).
-4
Let f(l) = -11*l - 13. What is f(-3)?
20
Let w(v) = 4*v**3 - 4*v**2 - v - 4. Calculate w(3).
65
Let u(s) = -s**2 + 20*s + 27. Determine u(21).
6
Let l(f) = f**3 + 14*f**2 + 17. Give l(-14).
17
Let i(l) = 6*l - 2. Calculate i(1).
4
Let w(y) = -2*y**3 + 26*y**2 - 60*y + 6. Determine w(10).
6
Let i(z) = 2*z**2 - 5*z + 4. Give i(2).
2
Let f(i) = -i**3 + 6*i**2 + 2*i - 4. Calculate f(6).
8
Let f(z) = 7*z + 36. Determine f(-4).
8
Let t(f) = -f**2 + 3*f + 161. Give t(-11).
7
Let k(o) = -o - 28. Determine k(-24).
-4
Let v(x) = 5*x + 28. Calculate v(-8).
-12
Let n(q) = q**2 + 4*q + 5. Give n(-2).
1
Let m(c) = -5*c + 6. What is m(4)?
-14
Let d(y) = 2*y**3 + 6*y**2 - 2*y + 1. What is d(3)?
103
Let w(g) = -3*g**2 - 10*g - 20. Calculate w(-6).
-68
Let l(x) = -15*x + 1. Calculate l(2).
-29
Let g(v) = v**3 - 6*v**2 - 9*v + 11. Give g(8).
67
Let f(j) = j**2 + 7*j + 6. What is f(-6)?
0
Let b(k) = 7*k + 5. Calculate b(-4).
-23
Let i(d) = 9*d - 23. Give i(3).
4
Let g(u) = u**2 - 18*u + 62. Give g(10).
-18
Let q(d) = d**3 - 2*d**2 - 3*d + 105. Calculate q(0).
105
Let w(v) = 2*v**2 - 4*v - 4. Calculate w(-1).
2
Let k(l) = -99*l**2 - 4*l + 3. Determine k(1).
-100
Let k(w) = 10*w**2 - w + 3. Calculate k(3).
90
Let g(t) = 5*t**3 + 7*t**2 - 7*t - 1. What is g(1)?
4
Let c(i) = i**3 - 20*i**2 + 23*i - 57. Calculate c(19).
19
Let m(p) = -p**2 - p - 2. Give m(3).
-14
Let u(g) = g**3 + 22*g**2 - 25*g - 37. Give u(-23).
9
Let d(t) = -5*t + 2. Give d(1).
-3
Let m(n) = n**3 - 9*n**2 + 28*n - 9. What is m(5)?
31
Let i(t) = -2*t**2 + 51*t + 26. What is i(26)?
0
Let u(d) = 6*d - 95. Calculate u(16).
1
Let i(d) = 12*d**3 - d**2 + 2*d. Determine i(1).
13
Let n(t) = -25*t + 151. Give n(6).
1
Let u(y) = 8*y + 5. What is u(6)?
53
Let j(t) = -2*t**3 - 2*t**2 - t + 4. Determine j(3).
-71
Let s(i) = -2*i - 2. Give s(5).
-12
Let s(n) = n**2 - 12*n + 31. Give s(13).
44
Let j(t) = -t - 13. Calculate j(-9).
-4
Let j(a) = a**3 - 17*a**2 + 53*a - 13. Calculate j(13).
0
Let g(j) = -3*j + 12. Give g(8).
-12
Let a(h) = 12*h - 12. Give a(5).
48
Let d(v) = 6*v**3 - 4*v**2 - 8*v - 3. Determine d(-1).
-5
Let l(v) = v**2 + 28*v - 20. Give l(-30).
40
Let f(a) = -a**3 - 28*a**2 + 28*a - 31. Give f(-29).
-2
Let z(x) = x**2 + 32*x + 47. Calculate z(-22).
-173
Let z(m) = -13*m + 72. Give z(-12).
228
Let f(n) = 34*n - 133. Determine f(4).
3
Let o(h) = -2*h**2 - 7*h - 10. Calculate o(-3).
-7
Let o(w) = w**2 + 12*w + 21. Calculate o(-9).
-6
Let c(t) = -t**3 - 3*t**2 + 4*t - 4. Determine c(-4).
-4
Let a(z) = z**2 + 6*z - 2. Determine a(-6).
-2
Let m(g) = -g**3 + 2*g**2 + 11*g - 21. What is m(2)?
1
Let s(i) = i**3 - 17*i**2 + 17*i - 31. Calculate s(16).
-15
Let s(r) = 11*r + 3. What is s(2)?
25
Let n(c) = 2*c**3 - 10*c**2 - c + 2. Calculate n(5).
-3
Let b(p) = p**3 - 7*p**2 - 4*p - 8. Give b(7).
-36
Let g(f) = -10*f**3 + f**2 + f - 2. Give g(1).
-10
Let c(q) = 4*q + 20. Determine c(-6).
-4
Let m(f) = f**2 - 40*f - 81. Give m(42).
3
Let n(d) = -d**2 + d - 2. Calculate n(3).
-8
Let a(x) = -7*x + 183. What is a(25)?
8
Let s(u) = 6*u + 147. What is s(-30)?
-33
Let t(a) = a**3 + 22*a**2 + 35*a + 300. What is t(-21)?
6
Let c(o) = 10*o + 4. Determine c(3).
34
Let n(f) = -f**3 - 3*f**2 - 6*f - 2. Determine n(-3).
16
Let z(r) = r**2 + 17*r + 29. Calculate z(-16).
13
Let g(u) = 5*u + 6. Give g(-10).
-44
Let c(g) = -g + 4. Give c(26).
-22
Let h(a) = -4*a + 35. Calculate h(9).
-1
Let n(i) = -i**2 + 3*i + 2. What is n(4)?
-2
Let t(o) = 15*o - 31. Give t(2).
-1
Let s(l) = 2*l**3 + 2*l**2 - 3*l - 2. Determine s(-2).
-4
Let a(c) = c**2 - c + 2. What is a(-4)?
22
Let l(z) = 4*z**2 + 11*z - 61. Give l(3).
8
Let j(k) = k**2 + k - 57. Determine j(11).
75
Let u(c) = c**2 + 5*c + 6. What is u(-4)?
2
Let v(u) = u**3 + 7*u**2 + 14*u + 1. Give v(-4).
-7
Let g(t) = -t**3 + 18*t**2 + 30. Determine g(18).
30
Let n(o) = -o**3 + 27*o**2 - 21*o - 124. Calculate n(26).
6
Let k(q) = q**3 + q**2 - 4. Calculate k(2).
8
Let u(y) = y**2 + 6*y - 13. Give u(-9).
14
Let f(n) = 25*n + 3. What is f(1)?
28
Let g(b) = -b**3 + 2*b**2 + b + 6. What is g(0)?
6
Let t(g) = 30*g + 17. Determine t(-3).
-73
Let j(n) = 4*n - 15. What is j(6)?
9
Let l(a) = -a**2 + 11*a + 14. What is l(10)?
24
Let k(p) = p**3 + 18*p**2 + 18*p - 7. Calculate k(-17).
-24
Let l(g) = 4*g**2 + 2. Give l(2).
18
Let j(s) = -s**2 - 2*s - 3. Give j(-4).
-11
Let m(r) = -r**3 + 5*r**2 + 8*r - 5. Calculate m(6).
7
Let o(c) = c + 22. Give o(-14).
8
Let i(f) = -3*f**2 + 3*f. Determine i(2).
-6
Let f(x) = x**2 - 9*x + 15. Calculate f(6).
-3
Let r(k) = -4*k**2 - 4*k + 4. Determine r(5).
-116
Let k(d) = -d**3 - 19*d**2 + 23*d + 58. Calculate k(-20).
-2
Let h(y) = 26*y + 1. What is h(1)?
27
Let o(g) = -g**3 - 2*g**2 + 16*g + 8. Determine o(-5).
3
Let x(r) = r**2 + 20*r - 30. Determine x(-21).
-9
Let z(s) = -2*s**2 - 64*s + 71. What is z(-33)?
5
Let d(v) = v**3 + 7